s of 1183984?
2, 73999
What are the prime factors of 21100?
2, 5, 211
List the prime factors of 26611786.
2, 13305893
List the prime factors of 1383014.
2, 67, 10321
List the prime factors of 3252873.
3, 13, 83407
What are the prime factors of 4800763?
11, 607, 719
What are the prime factors of 282743?
337, 839
List the prime factors of 441149.
103, 4283
What are the prime factors of 238104?
2, 3, 3307
List the prime factors of 1133994.
2, 3, 188999
What are the prime factors of 169165?
5, 23, 1471
What are the prime factors of 7021956?
2, 3, 585163
What are the prime factors of 502633?
502633
What are the prime factors of 10307644?
2, 17, 29, 5227
List the prime factors of 7149505.
5, 11, 61, 2131
What are the prime factors of 6934279?
11, 443, 1423
List the prime factors of 404600.
2, 5, 7, 17
What are the prime factors of 21970007?
59, 73, 5101
What are the prime factors of 425049?
3, 19, 7457
What are the prime factors of 692807?
449, 1543
What are the prime factors of 303708?
2, 3, 25309
List the prime factors of 418414.
2, 131, 1597
List the prime factors of 44094.
2, 3, 7349
List the prime factors of 829928.
2, 11, 9431
What are the prime factors of 1460972?
2, 227, 1609
What are the prime factors of 38446?
2, 47, 409
What are the prime factors of 22512000?
2, 3, 5, 7, 67
List the prime factors of 2367091.
23, 97, 1061
What are the prime factors of 328919?
328919
What are the prime factors of 43218?
2, 3, 7
What are the prime factors of 1956305?
5, 13, 30097
List the prime factors of 1657874.
2, 17, 48761
What are the prime factors of 15530294?
2, 13, 79, 7561
List the prime factors of 24423952.
2, 7, 31153
What are the prime factors of 2788928?
2, 43577
What are the prime factors of 118395?
3, 5, 877
List the prime factors of 2116393.
2116393
List the prime factors of 21400413.
3, 103, 69257
List the prime factors of 785895.
3, 5, 11, 433
List the prime factors of 4106488.
2, 513311
List the prime factors of 439214.
2, 219607
List the prime factors of 8835261.
3, 179, 16453
What are the prime factors of 541871?
11, 49261
What are the prime factors of 859234?
2, 23, 18679
What are the prime factors of 63590?
2, 5, 6359
List the prime factors of 514554.
2, 3, 191, 449
List the prime factors of 573163.
573163
What are the prime factors of 1160315?
5, 13, 17851
What are the prime factors of 481596?
2, 3, 67, 599
What are the prime factors of 1608932?
2, 13, 30941
What are the prime factors of 1472139?
3, 19, 8609
What are the prime factors of 1361978?
2, 680989
What are the prime factors of 40325?
5, 1613
List the prime factors of 2698342.
2, 17, 19, 4177
List the prime factors of 461785.
5, 92357
What are the prime factors of 1618430?
2, 5, 11, 14713
What are the prime factors of 208373?
11, 19, 997
List the prime factors of 261590.
2, 5, 7, 37, 101
What are the prime factors of 32644729?
13, 2511133
List the prime factors of 2658603.
3, 829, 1069
List the prime factors of 1145688.
2, 3, 47737
What are the prime factors of 2759491?
7, 17, 23189
List the prime factors of 5301312.
2, 3, 27611
List the prime factors of 1054179.
3, 7, 29, 577
What are the prime factors of 43155683?
29, 1488127
List the prime factors of 209622.
2, 3, 7, 23, 31
List the prime factors of 263947.
61, 4327
What are the prime factors of 2841033?
3, 13, 97, 751
List the prime factors of 9525683.
2791, 3413
List the prime factors of 23848678.
2, 7, 79, 21563
List the prime factors of 744408.
2, 3, 7, 211
What are the prime factors of 202939?
11, 19, 971
What are the prime factors of 3694158?
2, 3, 13, 15787
List the prime factors of 313872.
2, 3, 13, 503
List the prime factors of 36571912.
2, 13, 351653
List the prime factors of 2467577.
7, 352511
List the prime factors of 89175.
3, 5, 29, 41
List the prime factors of 2881786.
2, 673, 2141
List the prime factors of 12956559.
3, 7, 11, 5099
What are the prime factors of 162002?
2, 81001
What are the prime factors of 30913798?
2, 19, 107, 7603
List the prime factors of 2540181.
3, 7, 73, 1657
List the prime factors of 260865.
3, 5, 11, 17, 31
What are the prime factors of 6126565?
5, 997, 1229
What are the prime factors of 1313298?
2, 3, 7, 1489
List the prime factors of 1437724.
2, 17, 21143
What are the prime factors of 59213?
7, 11, 769
What are the prime factors of 5705443?
97, 131, 449
List the prime factors of 43598.
2, 21799
What are the prime factors of 3882116?
2, 7, 138647
List the prime factors of 12408606.
2, 3, 7, 17, 1931
List the prime factors of 4496428.
2, 1124107
What are the prime factors of 3933845?
5, 887
What are the prime factors of 57433?
79, 727
What are the prime factors of 5934551?
7, 103, 8231
What are the prime factors of 485721?
3, 29, 1861
What are the prime factors of 690453?
3, 76717
What are the prime factors of 12775349?
12775349
What are the prime factors of 2486958?
2, 3, 47, 8819
List the prime factors of 215027.
23, 9349
What are the prime factors of 15834760?
2, 5, 79, 5011
List the prime factors of 128529.
3, 14281
List the prime factors of 53952.
2, 3, 281
What are the prime factors of 3266645?
5, 103, 6343
What are the prime factors of 144105?
3, 5, 13, 739
List the prime factors of 286046.
2, 89, 1607
List the prime factors of 572811.
3, 41, 4657
What are the prime factors of 22265922?
2, 3, 7, 103, 5147
List the prime factors of 112055.
5, 73, 307
What are the prime factors of 2079295?
5, 149, 2791
List the prime factors of 174536.
2, 21817
What are the prime factors of 14183173?
37, 71, 5399
List the prime factors of 39789408.
2, 3, 89, 4657
What are the prime factors of 2323351?
47, 49433
What are the prime factors of 1369049?
11, 124459
List the prime factors of 408015.
3, 5, 9067
List the prime factors of 449591.
449591
What are the prime factors of 241934?
2, 7, 11, 1571
List the prime factors of 530581.
41, 12941
What are the prime factors of 132862?
2, 66431
What are the prime factors of 32459?
7, 4637
What are the prime factors of 19873658?
2, 7, 19, 74713
List the prime factors of 331010.
2, 5, 79, 419
List the prime factors of 1088738.
2, 7, 19, 4093
List the prime factors of 22558149.
3, 19, 43973
List the prime factors of 8267958.
2, 3, 29, 47, 337
What are the prime factors of 178455?
3, 5, 11897
What are the prime factors of 8519520?
2, 3, 5, 17749
What are the prime factors of 463575?
3, 5, 7, 883
List the prime factors of 1104885.
3, 5, 43, 571
What are the prime factors of 215757?
3, 61, 131
List the prime factors of 1256942.
2, 157, 4003
List the prime factors of 769990.
2, 5, 13, 5923
List the prime factors of 2560222.
2, 7, 23, 7951
What are the prime factors of 2950391?
193, 15287
What are the prime factors of 1443317?
17, 59, 1439
What are the prime factors of 857838?
2, 3, 142973
What are the prime factors of 9053424?
2, 3, 19, 1103
What are the prime factors of 5568785?
5, 743, 1499
List the prime factors of 155403.
3, 31, 557
List the prime factors of 40950.
2, 3, 5, 7, 13
What are the prime factors of 277523?
191, 1453
List the prime factors of 8067526.
2, 23, 109, 1609
What are the prime factors of 2557673?
2557673
List the prime factors of 3741316.
2, 109, 8581
List the prime factors of 674559.
3, 241, 311
What are the prime factors of 8310635?
5, 31, 53617
What are the prime factors of 10992150?
2, 3, 5, 13, 1879
List the prime factors of 279694.
2, 109, 1283
What are the prime factors of 276190?
2, 5, 71, 389
List the prime factors of 1957932.
2, 3, 6043
List the prime factors of 36897386.
2, 199, 92707
List the prime factors of 413465.
5, 13, 6361
List the prime factors of 20183373.
3, 7, 229, 1399
List the prime factors of 226232.
2, 28279
What are the prime factors of 6233192?
2, 7, 15901
List the prime factors of 26228430.
2, 3, 5, 113, 2579
What are the prime factors of 1231337?
1231337
List the prime factors of 13639054.
2, 11, 13, 103, 463
List the prime factors of 6540539.
6540539
What are the prime factors of 1463701?
53, 27617
List the prime factors of 2000811.
3, 666937
List the prime factors of 28200746.
2, 7, 1187, 1697
List the prime factors of 673252.
2, 37, 4549
List the prime factors of 140347.
293, 479
What are the prime factors of 2261291?
23, 98317
What are the prime factors of 470085?
3, 5, 7, 11, 37
List the prime fact